uppose 0 = -2*z - f + 32, -5*z + 14 = -4*z + f. What is the highest common factor of y and z?
2
Let c(i) = -2*i - 4. Let z be c(-4). Let p be 2/8*z/1. Let k be 2/p + 0 + 9. What is the greatest common factor of k and 33?
11
Let o be (-415)/(-35) - (-3)/21. Calculate the greatest common factor of 4 and o.
4
Let d(y) = y**3 - 8*y**2 + 5. Let q(z) = -9*z**3 - z**2 + z + 1. Let h be q(-1). Let l be d(h). What is the greatest common divisor of l and 25?
5
Let j(t) = 7*t - 2. Let s be j(6). Calculate the greatest common factor of s and 20.
20
Suppose -15 = -3*a, 4*q = 5*a - 2 - 3. Suppose -l + 22 = -18. What is the highest common divisor of l and q?
5
Let b be (-8)/(-12)*(-1 + 103). Let s be ((-35)/(-10))/(2/b). Calculate the greatest common factor of s and 17.
17
Let u(c) = -c**3 - 9*c**2 - 16*c + 5. Let f be u(-7). Calculate the greatest common divisor of f and 76.
19
Suppose -4 = a - 3*t, 2*a + 2*t - 3 - 5 = 0. Suppose 0 = 5*x - 4*m - 188, -74 = -x - x + a*m. What is the greatest common factor of x and 5?
5
Let o = 50 - 35. What is the highest common factor of 120 and o?
15
Suppose 0 = -y + 6*y - 30. Let z(c) = 2*c**2 - 3*c - 3. Let k be z(y). What is the highest common divisor of 17 and k?
17
Let z(c) = -6*c - 2*c**2 + c**3 + 36 - 34 - 5*c**2. Let h be z(8). Calculate the highest common divisor of h and 27.
9
Let u(s) = 15*s - 4. Let z be u(2). What is the greatest common factor of z and 13?
13
Let l = 8 + -3. Suppose 5 + 70 = l*f. Let p(g) = 3*g**2 + 2*g + 2. Let y be p(-7). Calculate the greatest common factor of y and f.
15
Let q(p) = p**2 - 9*p. Let t be q(10). What is the greatest common divisor of 25 and t?
5
Suppose 0 = -5*n + 2*n + 93. What is the greatest common divisor of n and 248?
31
Let q be 15/(3/1) - -5. Let g = 4 - 2. Let f be g/6 + 89/3. Calculate the greatest common factor of f and q.
10
Let q(f) = -3*f**3 - f**2 - 1. Let o(x) = -x**3 + x. Let v(g) = -2*o(g) + q(g). Let n be v(-4). What is the highest common divisor of n and 5?
5
Suppose 0*r + 5 = r + 5*l, -4*r + 54 = 3*l. Calculate the highest common factor of r and 30.
15
Suppose -5*y = -87 + 7. Suppose 0 = -6*q + 172 + 692. What is the greatest common divisor of q and y?
16
Let d = -32 - -16. Let c = d - -23. Let m be 57 + 2*1/(-2). What is the greatest common factor of c and m?
7
Let t = -30 - -58. Calculate the highest common factor of 7 and t.
7
Let x be (-1 + 1)/(-1 + 3). Suppose -3*n + x*n = -30. Suppose w + 4*f - 102 = 0, 4*w = -3*f - 0*f + 434. Calculate the highest common divisor of n and w.
10
Let o be ((-4)/(-6))/(4/24). Suppose -x = o, -6*v = -v + 3*x - 208. Let k be 1/4 - (-15)/4. What is the greatest common divisor of v and k?
4
Let y(x) = -2*x**3 - 3*x**2. Let j be y(-2). Let v be -2 - -2 - 2 - -1. Let a be (v - 0) + (0 - -11). Calculate the highest common factor of a and j.
2
Let z(l) = l + 7. Let x be z(5). Calculate the highest common factor of 12 and x.
12
Suppose -2*g + 9 = -7. Let j be 6/g*(-96)/(-4). What is the greatest common divisor of 9 and j?
9
Let x = 0 + 16. Let o(b) = b**3 + 7*b**2 + 6*b + 7. Let t be o(-6). Let g be -4*2/(-8) + t. Calculate the greatest common factor of x and g.
8
Let m = 13 - 7. What is the highest common divisor of m and 66?
6
Suppose -3*g - 10 = -8*g. Suppose 3*r - 27 = 3*q, -2*q + g = 3*r - 5. Suppose 8*x = -3*j + r*x, 10 = -2*x. Calculate the greatest common factor of 45 and j.
5
Let f(t) = 4*t + 2*t + t. Let n be f(2). Calculate the highest common factor of n and 154.
14
Let b(w) = -w**2 - 2*w + 2. Let n be b(0). What is the highest common divisor of 3 and n?
1
Suppose -3*o + l = -314, -2*o - o - 2*l + 317 = 0. Let r = -14 + 29. Calculate the greatest common factor of r and o.
15
Let v = -1 - -7. Let l = -1 + 5. Suppose -l*b = -111 + 15. Calculate the greatest common divisor of v and b.
6
Let p(u) = 22*u. Let g be p(1). What is the highest common factor of g and 176?
22
Let g be ((-105)/(-7))/(3/5). Calculate the highest common divisor of 75 and g.
25
Let b = 2 + -6. Let z(v) = -29*v + 5. Let q be z(b). Let d = 50 + -39. Calculate the highest common divisor of d and q.
11
Let f = 64 - 15. Suppose -2*k - f + 163 = 3*h, -2*h + 92 = -4*k. What is the highest common factor of 10 and h?
10
Suppose -2*v - 30 = -5*v. What is the greatest common factor of v and 5?
5
Suppose -16 = -2*l - 6. Calculate the greatest common divisor of l and 5.
5
Let g(s) = s**3 + 3*s**2 - 4*s + 4. Let r be g(-4). Let w(k) = -k**3 + 7*k**2 + 5*k + 1. Let u be w(7). What is the highest common divisor of r and u?
4
Let f = 6 + -13. Let q = 8 + f. Let m be (q - 0)*(8 - -1). Calculate the highest common divisor of m and 45.
9
Let h = -11 - -12. Calculate the greatest common divisor of 9 and h.
1
Suppose -4*p = -4*h, 12 = -3*p + 8*p - h. Calculate the greatest common divisor of 15 and p.
3
Suppose -3*g + g + 352 = 0. Let a(z) = -30*z + 316. Let o be a(10). Calculate the greatest common divisor of o and g.
16
Let f(y) = y**3 - 6*y**2 + 2*y - 8. Let x be f(6). What is the greatest common divisor of x and 44?
4
Let b be (-2)/(0 + -2) - -3. Let y be (-1)/b + (-78)/(-24). Suppose -3*x + 5*i + 13 = 0, 0 = 4*x + 4*i + 1 + 3. Calculate the greatest common factor of x and y.
1
Suppose 0*r + 499 = 5*r + 2*y, 487 = 5*r - 4*y. What is the greatest common factor of r and 11?
11
Suppose 4*z = -3*l + 8*z - 9, 3*l - 2*z = -3. Calculate the highest common divisor of 3 and l.
1
Suppose 62 = -3*g + k + 208, -4*g = -k - 194. What is the greatest common factor of g and 6?
6
Let z(r) = -14*r + 2. Let w(s) = 6*s + 8 - 18*s - 4 - 17*s. Let g(y) = 4*w(y) - 7*z(y). Let x be g(-3). What is the greatest common factor of 14 and x?
14
Suppose 5*o = -w + 20, 3*w - 4*o - 55 - 5 = 0. Calculate the highest common factor of w and 40.
20
Suppose 2*z = -3*a + 565, 8*a - 3*a - 4*z - 927 = 0. Let j = -1 - 0. Let f be ((-4)/2 - 15)/j. What is the greatest common divisor of a and f?
17
Suppose 7*w - 68 = -40. What is the highest common divisor of w and 6?
2
Let b be 163 - 0/(-3) - 2. Let j = b + -17. Calculate the greatest common divisor of j and 16.
16
Let h be 85 - ((-2)/(-2))/(17/(-51)). Calculate the highest common divisor of h and 8.
8
Suppose 4*j - 25 + 9 = 0. Suppose 0 = -p - j*p + 20. Suppose 0*r + r - p*d + 14 = 0, 0 = -2*r + d. Calculate the highest common divisor of 3 and r.
1
Let w(p) = -3*p**3 - 3*p**2 - 2*p. Let d be w(-2). Calculate the greatest common factor of d and 16.
16
Suppose 104 = 4*c - 400. Suppose 2*v = 15 + 21. What is the highest common factor of v and c?
18
Suppose 8*k - 224 = -6*k. Calculate the greatest common divisor of k and 16.
16
Let l = 27 + -2. Calculate the highest common factor of 5 and l.
5
Suppose -2*w + 60 = w. Suppose 2 - w = -t. What is the greatest common divisor of t and 54?
18
Let k = 7 + -5. Suppose 21 = 3*t - 0*b + 3*b, -2*t + k*b = 2. What is the greatest common divisor of 1 and t?
1
Suppose -5*d = -502 + 127. Calculate the greatest common divisor of 15 and d.
15
Let q = -320 + 518. Calculate the greatest common divisor of q and 132.
66
Let z = -212 - -338. Suppose u - 18 = x, -2*u + 72 = 2*u - x. What is the highest common factor of u and z?
18
Let m be (-1)/((-7)/3 + 2). Calculate the greatest common factor of 12 and m.
3
Let v = -3 - -5. Suppose -510 = -v*r - 180. Calculate the greatest common divisor of r and 15.
15
Let y(q) = -2*q**3 - 2*q**2 - 3*q - 1. Let j be y(-3). What is the greatest common divisor of j and 44?
44
Suppose -2*g + 315 = 5*b, -5*g = -5*b - 3*g + 335. What is the greatest common divisor of b and 5?
5
Let j(n) = -5*n - 5. Let b = 1 - 6. Let g be j(b). Calculate the greatest common factor of 4 and g.
4
Let c = 5 - 7. Let x(p) = p**2 - 2. Let l be x(c). Let q be (4/10)/((-2)/(-70)). Calculate the highest common divisor of q and l.
2
Let h be -1 - 34*1/(-2). What is the highest common factor of h and 1?
1
Suppose -3*p - 5 = 5*z + 1, 0 = -5*p + z + 18. Let k be 6/(-9) + 107/p. Let h be (-1)/(-1*1/5). Calculate the greatest common factor of h and k.
5
Suppose 13 = 5*m + 3*h, -3*m + 6 = 2*h - 1. Suppose -1630 = -0*i - m*i. Let t = -218 + i. What is the greatest common factor of 12 and t?
12
Let u(v) = -v**3 + 7*v**2 + v - 3. Let o be u(7). Let l = o - 5. Let s be (1 + l + 33)*1. What is the greatest common factor of s and 11?
11